 0 = 5*a - y - 2*y - 24. Is a a multiple of 2?
False
Let s = -2 - -7. Suppose s*t = 35 + 10. Is t a multiple of 3?
True
Is 3 a factor of (-2)/2*(-18)/6?
True
Let a be (34 - -2)/((-1)/(-1)). Suppose 3*k = 4*l + 91 + 17, 5*l = k - a. Does 9 divide k?
True
Suppose -2*j + j - 1 = 5*r, -4*r + 16 = 5*j. Let d be 4*(2 + (r - 0)). Suppose z + 2*y + 0*y - 32 = 0, -3*y = d*z - 133. Does 15 divide z?
False
Let j(q) = -q**3 + 2*q**2 - 1. Let t be j(1). Suppose t = 3*b - 4*b + 2. Suppose 0 = b*r + 2*r - 28. Is 4 a factor of r?
False
Suppose 0 = 7*m - 739 - 626. Is m a multiple of 59?
False
Let y(g) = -g**3 - 6*g**2 - 9*g - 8. Let v be y(-5). Suppose 0 = 4*a - v*a + 256. Is a a multiple of 19?
False
Let i = -25 + 42. Does 8 divide i?
False
Let h = 13 - -3. Suppose -4*r = 3*v + 4 - 27, 3*r = 5*v + 39. Suppose r = 2*x - h. Is 6 a factor of x?
True
Let i(q) = -q. Let t(m) = -3*m - 11. Let p(h) = 2*i(h) - t(h). Is p(0) a multiple of 3?
False
Suppose -2*j - 5*u - 42 = -6*j, -5*u = -2*j + 26. Is j even?
True
Suppose -5*z = -k - 29, 5*k + 3*z - 5*z = -53. Let l(g) = g**2 + 8*g. Does 6 divide l(k)?
False
Let b be (-1 + 3/15)*5. Let v be (2/b)/((-1)/(-26)). Let c = 23 - v. Is c a multiple of 19?
False
Let b(u) = 3*u - 2*u**2 - 2*u**2 + 3*u - 8 - u**3. Let r(k) = -k**2 + 5*k - 6. Let t be r(5). Does 10 divide b(t)?
False
Let h(a) = -a**2 + 15*a - 16. Does 34 divide h(9)?
False
Suppose -2 = 3*o - 4*d, 0 = 3*o - 4*d - d + 7. Does 3 divide o?
True
Let o(i) = -8*i - 4. Does 10 divide o(-13)?
True
Let x = 33 - -47. Suppose 4*i - 56 = 3*q + 28, 4*i - 4*q = x. Let n = -10 + i. Does 14 divide n?
True
Suppose c + 13 = -8*m + 4*m, 0 = 5*c + 2*m + 29. Let p be -3 + 11/((-22)/(-20)). Let t = p + c. Is t a multiple of 2?
True
Let x be (-2)/5 + (-306)/(-15). Let h = -30 + x. Let m = h - -20. Is m a multiple of 6?
False
Let t(r) = -r**3 - 7*r**2 - 5*r + 3. Let f be t(-6). Let n be (-20)/f*105/10. Let l = -40 + n. Is l a multiple of 10?
True
Let d(k) be the first derivative of -6*k + 2 + 5/2*k**2. Does 14 divide d(4)?
True
Let i(u) = u**3 - 8*u**2 + 4*u + 2. Let p be i(5). Suppose 2*l - 84 = 2*n + 5*l, -12 = 3*l. Let f = n - p. Does 5 divide f?
False
Let q = 1 + 3. Let a(t) = -t**2 + 8*t - 5. Let y be a(7). Does 11 divide 1 - (q - y)*-5?
True
Suppose -2*x + 8 = -0. Suppose 0 = -3*m + 8 + x. Suppose 25 - 5 = m*z. Is 5 a factor of z?
True
Let y(v) = v + 4. Let u be y(0). Suppose -3*d = 4*t - 0*t - 122, u*d - 172 = 4*t. Is 12 a factor of d?
False
Let w = -8 - -10. Let n = -8 + w. Let c = n - -10. Is 4 a factor of c?
True
Let r be 0 - (-1 + -2 + 16). Let n = r - -49. Does 12 divide n?
True
Let w(v) = -4*v + 2. Is 4 a factor of w(-1)?
False
Let t = 22 - -2. Let l = -11 + t. Does 8 divide l?
False
Suppose 5*n - 4*n = 44. Let p = -20 + n. Suppose -3*i + 52 = -4*u - u, -2*u + p = 2*i. Is 7 a factor of i?
True
Let d = 12 + -5. Let p be ((-24)/(-5))/(12/30). Let x = p - d. Is x a multiple of 5?
True
Let y be (-4)/2 - (45 + -6). Let a = -28 - y. Is a a multiple of 13?
True
Let v = -182 + 266. Does 28 divide v?
True
Let i be (-1)/(-4 + 3)*5. Let w = i - -1. Suppose -3*y - 81 = -w*y. Does 7 divide y?
False
Suppose 8 = -5*r - 2, r = 4*x - 30. Suppose -3*i + 61 = x. Does 9 divide i?
True
Suppose -2*y = 2*y - 8. Is y a multiple of 2?
True
Let a = 87 - 51. Is 6 a factor of a?
True
Let w(d) = 13*d**2 + 6*d - 7. Is 23 a factor of w(4)?
False
Suppose -2*q + 33 = -5*s, 0 = -q + 2*s + 21 - 7. Suppose 3*g + 0*g + 14 = y, -q*g = 3*y - 29. Is 4 a factor of y?
False
Let c = 8 + -7. Is (13 + (1 - 0))*c a multiple of 14?
True
Let k(m) be the first derivative of -m**3/3 + 8*m**2 - 3*m - 4. Does 15 divide k(7)?
True
Let m(x) = -x**3 + 10*x**2 - 9*x + 2. Let a be m(9). Let c be (30 + (-3 - -2))*a. Let s = c - 41. Is s a multiple of 10?
False
Let h be (7 + -6)*11*11. Let j = h - 40. Is 24 a factor of j?
False
Let w = 0 + 14. Is w a multiple of 7?
True
Let m(j) = 8*j - 6*j - 1 - j. Let s be m(6). Suppose s*h = 3*h + 14. Is h a multiple of 3?
False
Let l(x) = -32*x**3 - x**2 - 2*x - 2. Does 4 divide l(-1)?
False
Let y(z) = 7*z + 3. Let j(h) = -20*h - 10. Let x(i) = 4*j(i) + 11*y(i). Is 6 a factor of x(-12)?
False
Let r = 44 - 19. Let d = 59 - r. Is d a multiple of 17?
True
Let g = 10 + -5. Suppose 2*a + 2*a + 207 = g*i, 0 = 3*i - a - 120. Is i a multiple of 13?
True
Let p = 10 + -6. Suppose -3*o - 4*g = -51, -p*o + 4*g = 2*g - 46. Does 13 divide o?
True
Suppose 135 = 2*b + 3*b. Is 7 a factor of b?
False
Let l be 518/8 - 7/(-28). Does 2 divide 2/3 + l/15?
False
Let m = -5 - -8. Suppose -u + 0 = 3*c + 5, u - c - 7 = 0. Suppose 78 = u*a - 2*r, -a + 43 = a + m*r. Is a a multiple of 12?
False
Let a(b) = -b**3 + 7*b**2 - 6*b. Is 10 a factor of a(5)?
True
Let v(p) = p + 111. Let n be v(0). Suppose -17 = -2*y + n. Is y a multiple of 16?
True
Let r = -57 - -120. Is 18 a factor of r?
False
Let i be 1 + 0 + (-68)/(-4). Let f = i - -24. Does 14 divide f?
True
Suppose -3*j - 4*i + 27 = 0, 5*j + 5*i - 26 - 14 = 0. Is 5 a factor of j?
True
Let w(r) = -5*r - 1. Let a be w(1). Let n(q) = -q**2 - 11*q - 5. Let b be n(a). Suppose 3*j + 0*i = -2*i + b, -2*i = 4*j - 34. Is j a multiple of 4?
False
Suppose -n - 20 = 5*k - 3*n, -4*k = -5*n + 33. Let p = 5 - 3. Does 19 divide 55 + k + p + -2?
False
Suppose 0 = -3*s - 5*z - 12, 5*s = 2*z - 7 - 13. Let h = 17 - s. Does 21 divide h?
True
Suppose -t + 4*x - 536 = -5*t, -2*t + x + 262 = 0. Does 33 divide t?
True
Suppose 5*s + 3*a - 76 = 0, -5*s + 8 = -3*a - 56. Suppose 0 = n + t, -2*n - s + 4 = 4*t. Does 2 divide n?
False
Let q be ((-2)/2)/((-13)/(-156)). Let j = q - -19. Is 7 a factor of j?
True
Does 6 divide 21 + 2 + -4 + 1?
False
Let v be (0/(-2))/(-7 + 8). Suppose -5*n = -4*d + 7 + 1, -3*n + 12 = v. Suppose 2*u - 16 - 31 = 5*b, -3*b + d = u. Is u a multiple of 6?
False
Let o be -3 - (-2)/(0 - -2). Let v = o + 3. Is 3 a factor of (-2)/(6/(-15)*v)?
False
Let m(o) = -o**2 - 11*o - 10. Let c be 7*(-1 - 0/(-3)). Is 18 a factor of m(c)?
True
Suppose 16 = -x + 2*x. Suppose -5*c = -c - x. Is 6 a factor of c/2 - (-10 + 1)?
False
Let z(k) = k**2 - k. Let b be z(2). Let t be -2*13/b*-2. Does 5 divide (3 - 4)/((-2)/t)?
False
Let o(h) = -h**3 - 19*h**2 - 23*h + 42. Is 22 a factor of o(-18)?
True
Let q(b) = b**3 - 9*b**2 - 10*b + 1. Let g be q(10). Does 10 divide g + 21 - (0 - -2)?
True
Suppose -2*r = -0*v - 4*v + 36, -3*v - 3*r = -27. Let t = 24 - v. Is 8 a factor of t?
False
Let j = -91 + 145. Does 18 divide j?
True
Let c = 26 - -8. Is c a multiple of 34?
True
Let l(h) = -h**2 + 7*h + 6. Let p be l(15). Is 9 a factor of p/(-7) - (-10)/(-35)?
False
Suppose 5*t + 17 = 2. Let q be (2/t - 2)*3. Is (-74)/(-4) + 4/q a multiple of 9?
True
Let i(j) = j**3 - 2*j**2 + 4*j - 3. Let c be i(2). Does 2 divide (10 + 0)/(c - 3)?
False
Let h(d) = d**3 - 7*d**2 + 8*d - 6. Suppose 30 = 6*u - u. Does 5 divide h(u)?
False
Let a = -3 + 2. Let z(x) = -3*x + 1. Let i be z(a). Suppose -5 = o - i*y, -o + 6*y - 3*y = 2. Is 4 a factor of o?
False
Suppose 5*h - h = 16. Suppose 0 = f - 2, h*z - f = 86 - 0. Does 11 divide z?
True
Let n(t) = 2*t**3 - 2*t**2 + 6*t - 5. Suppose b = 3 + 1. Let s be n(b). Suppose -2*g + s = 3*g. Is 8 a factor of g?
False
Let c = 5 - 5. Does 5 divide (c/2 - 2)*-7?
False
Let j(g) = g**3 + g**2 - g. Let t(p) = -3*p**3 + 2*p**2 + 10*p + 4. Let z(w) = 4*j(w) + t(w). Let d be z(-5). Does 6 divide (d/(-1)*13)/1?
False
Let f(w) = -w + 8. Let b be f(6). Suppose 4*h - 10 = b*h. Let a(d) = 2*d**2 - 8*d + 6. Is a(h) a multiple of 8?
True
Let u be 259/3 - 2/6. Let x(b) = -b**3 + 3*b**2 + 9*b - 6. Let k be x(6). Let n = k + u. Is 10 a factor of n?
False
Let g = -142 + 225. Is 26 a factor of g?
False
Let k(h) be the third derivative of -h**6/120 - h**5/15 + h**4/6 + 7*h**3/6 + 7*h**2. Is k(-5) a multiple of 12?
True
Suppose -4*f + 263 = 5*g, 5*f + 3*g - 150 = 195. Does 18 divide f?
True
Let d(m) = -m**3 + 7*m**2 - 4*m - 2. Let z be d(6). Let b be (-6)/(-9) + z/3. Suppose -7 = -2*p + 1, g = 4*p - b. Does 6 divide g?
True
Suppose -6*y = -7*y + 82. Does 9 divide y?
False
Let s = 10 - 7. Let n(h) = 19*h + 6. Does 21 divide n(s)?
True
Suppose -4*t + 2 = -3*t. Does 2 divide t?
True
Let r = 14 + -26. Does 19 divide (77 + -1)*(-9)/r?
True
Suppose -o + 7 = 2*w, -5*w - 54 = -3*o - 0*o. Does 11 divide o?
False
Let b(m) = -m*